{"id":42,"date":"2018-02-27T10:57:03","date_gmt":"2018-02-27T09:57:03","guid":{"rendered":"http:\/\/villamadeleine-piana.corsica\/?page_id=42"},"modified":"2025-08-23T12:43:03","modified_gmt":"2025-08-23T10:43:03","slug":"a-cardiccia-bungalow","status":"publish","type":"page","link":"https:\/\/cardiccia-piana.corsica\/index.php\/a-cardiccia-bungalow\/","title":{"rendered":"Pavillon A Cardiccia ***"},"content":{"rendered":"\n<p class=\"has-text-align-center\"><strong>Logement climatis\u00e9<\/strong><\/p>\n\n\n\n<p><strong>Air-conditioned accommodation <\/strong><\/p>\n\n\n\n<p><strong>Alloggio climatizzato<\/strong> <\/p>\n\n\n\n<p class=\"has-text-align-center\"><strong>Ce&nbsp; pavillon de 35m\u00b2 est totalement ind\u00e9pendant dans la propri\u00e9t\u00e9.<\/strong><\/p>\n\n\n\n<p class=\"has-text-align-center\"><strong><a class=\"maxbutton-14 maxbutton maxbutton-comment-nous-trouver\" href=\"https:\/\/cardiccia-piana.corsica\/index.php\/comment-nous-trouver-how-to-find-us\/\"><span class='mb-text'>ADRESSE-ITINERAIRE ADDRESS-ITINERARY<\/span><\/a><\/strong><\/p>\n\n\n<div class=\"wp-block-image\">\n<figure class=\"aligncenter size-large\"><img loading=\"lazy\" decoding=\"async\" width=\"768\" height=\"1024\" src=\"http:\/\/villamadeleine-piana.corsica\/wp-content\/uploads\/2023\/07\/20230702_103312-768x1024.jpg\" alt=\"\" class=\"wp-image-959\" srcset=\"https:\/\/cardiccia-piana.corsica\/wp-content\/uploads\/2023\/07\/20230702_103312-768x1024.jpg 768w, https:\/\/cardiccia-piana.corsica\/wp-content\/uploads\/2023\/07\/20230702_103312-225x300.jpg 225w, https:\/\/cardiccia-piana.corsica\/wp-content\/uploads\/2023\/07\/20230702_103312-1152x1536.jpg 1152w, https:\/\/cardiccia-piana.corsica\/wp-content\/uploads\/2023\/07\/20230702_103312-1536x2048.jpg 1536w, https:\/\/cardiccia-piana.corsica\/wp-content\/uploads\/2023\/07\/20230702_103312-scaled.jpg 1920w\" sizes=\"(max-width: 706px) 89vw, (max-width: 767px) 82vw, 740px\" \/><\/figure><\/div>\n\n\n<div class=\"QmZWSe\">\n<div class=\"DHcWmd\">\n\n<pre class=\"tw-data-text tw-text-large XcVN5d tw-ta\" dir=\"ltr\" data-placeholder=\"Traduction\"><span lang=\"en\">This 35m\u00b2 pavilion is completely independent in the property.\n\nAir-conditioned accommodation<br><br><\/span><\/pre>\n<div id=\"tw-target-text-container\" class=\"tw-ta-container hide-focus-ring tw-nfl\" style=\"text-align: center;\" tabindex=\"0\">\n<pre id=\"tw-target-text\" class=\"tw-data-text tw-text-large XcVN5d tw-ta\" dir=\"ltr\" data-placeholder=\"Traduction\"><span lang=\"co\">Stu padiglione di 35 m\u00b2 h\u00e8 cumpletamente indipendente in a prupiet\u00e0.\n\nAlloghju climatizatu<\/span><\/pre>\n<\/div>\n<p>La pi\u00e8ce \u00e0 vivre de 19m\u00b2 avec cuisine enti\u00e8rement \u00e9quip\u00e9e (plaques vitro c\u00e9ramique, four \u00e9lectrique, hotte, lave linge &amp; lave vaisselles, r\u00e9frig\u00e9rateur\/cong\u00e9lateur ainsi que tout l&rsquo;\u00e9lectro-m\u00e9nager comme cafeti\u00e8re, micro ondes, grille pain et bouilloire&#8230;) dispose d&rsquo;un canap\u00e9 type \u00ab\u00a0clic-clac\u00a0\u00bb dot\u00e9 d&rsquo;un matelas tr\u00e8s confortable pour couchage 140&#215;190 pour 1 \u00e0 2 personnes suppl\u00e9mentaires. TV TNT SAT et WIFI.<\/p>\n<p>La&nbsp; chambre de 9m\u00b2 offre un lit \u00ab\u00a0Queen size\u00a0\u00bb&nbsp; 160&#215;200 et d&rsquo;une sortie directe sur la terrasse privative plein est. Une autre terrasse, ombrag\u00e9e, se situe c\u00f4t\u00e9 ouest \u00e0 l&rsquo;entr\u00e9e.<\/p>\n<p>Salle d&rsquo;eau avec wc et cellier terminent la dotation de ce logement neuf. Logement climatis\u00e9.<\/p>\n<p>Serviettes de plage \u00e0 louer pour les voyageurs en avion, une <em>parasolette<\/em> vous sera pr\u00eat\u00e9e.<\/p>\n<p>&nbsp;<\/p>\n<\/div>\n<\/div>\n\n\n\n<div class=\"oSioSc\">\n<div id=\"tw-target\">\n<div id=\"kAz1tf\" class=\"g9WsWb\">\n<div id=\"tw-target-text-container\" class=\"tw-ta-container hide-focus-ring tw-nfl\" style=\"text-align: center;\" tabindex=\"0\">\n<pre class=\"tw-data-text tw-text-large XcVN5d tw-ta\" dir=\"ltr\" data-placeholder=\"Traduction\"><span lang=\"en\">It has a 9m\u00b2 bedroom with a 160x200 \"Queen size\" bed and a direct exit to the private terrace facing east. Another shaded terrace is located on the west side at the entrance.\n\nThe 19m\u00b2 living room with fully equipped kitchen (ceramic hob, electric oven, extractor, washing machine ans dishwasher, fridge \/ freezer as well as all household appliances such as coffee maker, microwave, toaster and kettle ...) has 'a \"click-clack\" sofa with a very comfortable 140x190 bed mattress for 1 to 2 additional people. TNT SAT TV and WIFI.\n\nShower room with wc and pantry complete the endowment of this new accommodatio. Air-conditioned accommodation.\n\n\n\nBeach towels to rent for travelers by plane, a parasol will be loaned to you.<br><br><br><\/span><\/pre>\n<div id=\"tw-target-text-container\" class=\"tw-ta-container hide-focus-ring tw-nfl\" tabindex=\"0\">\n<pre id=\"tw-target-text\" class=\"tw-data-text tw-text-large XcVN5d tw-ta\" dir=\"ltr\" data-placeholder=\"Traduction\"><span lang=\"co\">H\u00e0 una camera da letto di 9 m\u00b2 cun un lettu \"Queen size\" 160x200 \u00e8 una uscita diretta versu a terrazza privata rivolta \u00e0 livante. Un'altra terrazza \u00e0 l'ombra si trova \u00e0 u latu uccidentale \u00e0 l'entrata.\n\nU salottu di 19 m\u00b2 cun cucina cumpletamente equipaggiata (piastra di ceramica, fornu elettricu, estrattore, lavatrice,lavastoviglie, frigorifero \/ congelatore \u00e8 tutti l'elettrodomestici cum'\u00e8 caffettiera, microonde, tostapane \u00e8 bollitore ...) h\u00e0 'un divanu \"click-clack\" cun un materasso 140x190 lettu assai cunfortu per 1 \u00e0 2 persone in pi\u00f9. TNT SAT TV \u00e8 WIFI.\n\nU bagnu c\u00f9 wc \u00e8 dispensa cumpletanu a dotazione di stu novu alloghju. Alloghju climatizatu.\n\n\n\nAsciugamani da spiaggia da affitt\u00e0 per i viaghjatori in avi\u00f2, un ombrellone vi ser\u00e0 prestatu.<\/span><\/pre>\n<\/div>\n<\/div>\n<\/div>\n<\/div>\n<\/div>\n\n\n\n<div class=\"wp-block-group\"><div class=\"wp-block-group__inner-container is-layout-flow wp-block-group-is-layout-flow\">\n<figure class=\"wp-block-gallery has-nested-images columns-default is-cropped wp-block-gallery-1 is-layout-flex wp-block-gallery-is-layout-flex\">\n<figure class=\"wp-block-image size-large\"><img loading=\"lazy\" decoding=\"async\" width=\"1024\" height=\"768\" src=\"http:\/\/villamadeleine-piana.corsica\/wp-content\/uploads\/2022\/02\/20210518_125656-1024x768.jpg\" alt=\"\" class=\"wp-image-720\" srcset=\"https:\/\/cardiccia-piana.corsica\/wp-content\/uploads\/2022\/02\/20210518_125656-1024x768.jpg 1024w, https:\/\/cardiccia-piana.corsica\/wp-content\/uploads\/2022\/02\/20210518_125656-300x225.jpg 300w, https:\/\/cardiccia-piana.corsica\/wp-content\/uploads\/2022\/02\/20210518_125656-768x576.jpg 768w, https:\/\/cardiccia-piana.corsica\/wp-content\/uploads\/2022\/02\/20210518_125656-1536x1152.jpg 1536w, https:\/\/cardiccia-piana.corsica\/wp-content\/uploads\/2022\/02\/20210518_125656-2048x1536.jpg 2048w\" sizes=\"(max-width: 706px) 89vw, (max-width: 767px) 82vw, 740px\" \/><\/figure>\n\n\n\n<figure class=\"wp-block-image size-large\"><img loading=\"lazy\" decoding=\"async\" width=\"1024\" height=\"683\" src=\"http:\/\/villamadeleine-piana.corsica\/wp-content\/uploads\/2023\/07\/IMG_7764-1024x683.jpg\" alt=\"\" class=\"wp-image-974\" srcset=\"https:\/\/cardiccia-piana.corsica\/wp-content\/uploads\/2023\/07\/IMG_7764-1024x683.jpg 1024w, https:\/\/cardiccia-piana.corsica\/wp-content\/uploads\/2023\/07\/IMG_7764-300x200.jpg 300w, https:\/\/cardiccia-piana.corsica\/wp-content\/uploads\/2023\/07\/IMG_7764-768x512.jpg 768w, https:\/\/cardiccia-piana.corsica\/wp-content\/uploads\/2023\/07\/IMG_7764-1536x1024.jpg 1536w, https:\/\/cardiccia-piana.corsica\/wp-content\/uploads\/2023\/07\/IMG_7764-2048x1365.jpg 2048w\" sizes=\"(max-width: 706px) 89vw, (max-width: 767px) 82vw, 740px\" \/><\/figure>\n\n\n\n<figure class=\"wp-block-image size-large\"><img loading=\"lazy\" decoding=\"async\" width=\"768\" height=\"1024\" src=\"http:\/\/villamadeleine-piana.corsica\/wp-content\/uploads\/2022\/02\/20210518_125539-768x1024.jpg\" alt=\"\" class=\"wp-image-718\" srcset=\"https:\/\/cardiccia-piana.corsica\/wp-content\/uploads\/2022\/02\/20210518_125539-768x1024.jpg 768w, https:\/\/cardiccia-piana.corsica\/wp-content\/uploads\/2022\/02\/20210518_125539-225x300.jpg 225w, https:\/\/cardiccia-piana.corsica\/wp-content\/uploads\/2022\/02\/20210518_125539-1152x1536.jpg 1152w, https:\/\/cardiccia-piana.corsica\/wp-content\/uploads\/2022\/02\/20210518_125539-1536x2048.jpg 1536w, https:\/\/cardiccia-piana.corsica\/wp-content\/uploads\/2022\/02\/20210518_125539-scaled.jpg 1920w\" sizes=\"(max-width: 706px) 89vw, (max-width: 767px) 82vw, 740px\" \/><\/figure>\n\n\n\n<figure class=\"wp-block-image size-large\"><img loading=\"lazy\" decoding=\"async\" width=\"1024\" height=\"683\" src=\"http:\/\/villamadeleine-piana.corsica\/wp-content\/uploads\/2023\/04\/IMG_7732-1024x683.jpg\" alt=\"\" class=\"wp-image-880\" srcset=\"https:\/\/cardiccia-piana.corsica\/wp-content\/uploads\/2023\/04\/IMG_7732-1024x683.jpg 1024w, https:\/\/cardiccia-piana.corsica\/wp-content\/uploads\/2023\/04\/IMG_7732-300x200.jpg 300w, https:\/\/cardiccia-piana.corsica\/wp-content\/uploads\/2023\/04\/IMG_7732-768x512.jpg 768w, https:\/\/cardiccia-piana.corsica\/wp-content\/uploads\/2023\/04\/IMG_7732-1536x1024.jpg 1536w, https:\/\/cardiccia-piana.corsica\/wp-content\/uploads\/2023\/04\/IMG_7732-2048x1365.jpg 2048w\" sizes=\"(max-width: 706px) 89vw, (max-width: 767px) 82vw, 740px\" \/><\/figure>\n\n\n\n<figure class=\"wp-block-image size-large\"><img loading=\"lazy\" decoding=\"async\" width=\"768\" height=\"1024\" src=\"http:\/\/villamadeleine-piana.corsica\/wp-content\/uploads\/2024\/06\/20240604_141507-768x1024.jpg\" alt=\"\" class=\"wp-image-1109\" srcset=\"https:\/\/cardiccia-piana.corsica\/wp-content\/uploads\/2024\/06\/20240604_141507-768x1024.jpg 768w, https:\/\/cardiccia-piana.corsica\/wp-content\/uploads\/2024\/06\/20240604_141507-225x300.jpg 225w, https:\/\/cardiccia-piana.corsica\/wp-content\/uploads\/2024\/06\/20240604_141507-1152x1536.jpg 1152w, https:\/\/cardiccia-piana.corsica\/wp-content\/uploads\/2024\/06\/20240604_141507-1536x2048.jpg 1536w, https:\/\/cardiccia-piana.corsica\/wp-content\/uploads\/2024\/06\/20240604_141507-scaled.jpg 1920w\" sizes=\"(max-width: 706px) 89vw, (max-width: 767px) 82vw, 740px\" \/><\/figure>\n\n\n\n<figure class=\"wp-block-image size-large\"><img loading=\"lazy\" decoding=\"async\" width=\"683\" height=\"1024\" src=\"http:\/\/villamadeleine-piana.corsica\/wp-content\/uploads\/2018\/04\/IMG_7475-e1525083994206-683x1024.jpg\" alt=\"\" class=\"wp-image-257\" srcset=\"https:\/\/cardiccia-piana.corsica\/wp-content\/uploads\/2018\/04\/IMG_7475-e1525083994206-683x1024.jpg 683w, https:\/\/cardiccia-piana.corsica\/wp-content\/uploads\/2018\/04\/IMG_7475-e1525083994206-200x300.jpg 200w, https:\/\/cardiccia-piana.corsica\/wp-content\/uploads\/2018\/04\/IMG_7475-e1525083994206-768x1152.jpg 768w\" sizes=\"(max-width: 683px) 100vw, 683px\" \/><\/figure>\n\n\n\n<figure class=\"wp-block-image size-large\"><img loading=\"lazy\" decoding=\"async\" width=\"1024\" height=\"683\" src=\"http:\/\/villamadeleine-piana.corsica\/wp-content\/uploads\/2023\/07\/IMG_7921-1024x683.jpg\" alt=\"\" class=\"wp-image-960\" srcset=\"https:\/\/cardiccia-piana.corsica\/wp-content\/uploads\/2023\/07\/IMG_7921-1024x683.jpg 1024w, https:\/\/cardiccia-piana.corsica\/wp-content\/uploads\/2023\/07\/IMG_7921-300x200.jpg 300w, https:\/\/cardiccia-piana.corsica\/wp-content\/uploads\/2023\/07\/IMG_7921-768x512.jpg 768w, https:\/\/cardiccia-piana.corsica\/wp-content\/uploads\/2023\/07\/IMG_7921-1536x1024.jpg 1536w, https:\/\/cardiccia-piana.corsica\/wp-content\/uploads\/2023\/07\/IMG_7921-2048x1365.jpg 2048w\" sizes=\"(max-width: 706px) 89vw, (max-width: 767px) 82vw, 740px\" \/><\/figure>\n<\/figure>\n<\/div><\/div>\n\n\n\n<figure class=\"wp-block-gallery alignleft has-nested-images columns-default is-cropped wp-block-gallery-2 is-layout-flex wp-block-gallery-is-layout-flex\">\n<figure class=\"wp-block-image size-large\"><img loading=\"lazy\" decoding=\"async\" width=\"1024\" height=\"683\" data-id=\"964\" src=\"http:\/\/villamadeleine-piana.corsica\/wp-content\/uploads\/2023\/07\/IMG_7930-3-1024x683.jpg\" alt=\"\" class=\"wp-image-964\" srcset=\"https:\/\/cardiccia-piana.corsica\/wp-content\/uploads\/2023\/07\/IMG_7930-3-1024x683.jpg 1024w, https:\/\/cardiccia-piana.corsica\/wp-content\/uploads\/2023\/07\/IMG_7930-3-300x200.jpg 300w, https:\/\/cardiccia-piana.corsica\/wp-content\/uploads\/2023\/07\/IMG_7930-3-768x512.jpg 768w, https:\/\/cardiccia-piana.corsica\/wp-content\/uploads\/2023\/07\/IMG_7930-3-1536x1024.jpg 1536w, https:\/\/cardiccia-piana.corsica\/wp-content\/uploads\/2023\/07\/IMG_7930-3-2048x1365.jpg 2048w\" sizes=\"(max-width: 706px) 89vw, (max-width: 767px) 82vw, 740px\" \/><\/figure>\n<\/figure>\n\n\n\n<figure class=\"wp-block-image size-large is-resized\"><img loading=\"lazy\" decoding=\"async\" width=\"1024\" height=\"683\" src=\"http:\/\/villamadeleine-piana.corsica\/wp-content\/uploads\/2023\/07\/IMG_7927-1024x683.jpg\" alt=\"\" class=\"wp-image-965\" style=\"width:419px;height:279px\" srcset=\"https:\/\/cardiccia-piana.corsica\/wp-content\/uploads\/2023\/07\/IMG_7927-1024x683.jpg 1024w, https:\/\/cardiccia-piana.corsica\/wp-content\/uploads\/2023\/07\/IMG_7927-300x200.jpg 300w, https:\/\/cardiccia-piana.corsica\/wp-content\/uploads\/2023\/07\/IMG_7927-768x512.jpg 768w, https:\/\/cardiccia-piana.corsica\/wp-content\/uploads\/2023\/07\/IMG_7927-1536x1024.jpg 1536w, https:\/\/cardiccia-piana.corsica\/wp-content\/uploads\/2023\/07\/IMG_7927-2048x1365.jpg 2048w\" sizes=\"(max-width: 706px) 89vw, (max-width: 767px) 82vw, 740px\" \/><\/figure>\n\n\n\n<p><\/p>\n\n\n\n<figure class=\"wp-block-gallery alignleft has-nested-images columns-default is-cropped wp-block-gallery-3 is-layout-flex wp-block-gallery-is-layout-flex\">\n<figure class=\"wp-block-image size-large\"><img loading=\"lazy\" decoding=\"async\" width=\"1024\" height=\"683\" data-id=\"967\" src=\"http:\/\/villamadeleine-piana.corsica\/wp-content\/uploads\/2023\/07\/IMG_7758-1-1024x683.jpg\" alt=\"\" class=\"wp-image-967\" srcset=\"https:\/\/cardiccia-piana.corsica\/wp-content\/uploads\/2023\/07\/IMG_7758-1-1024x683.jpg 1024w, https:\/\/cardiccia-piana.corsica\/wp-content\/uploads\/2023\/07\/IMG_7758-1-300x200.jpg 300w, https:\/\/cardiccia-piana.corsica\/wp-content\/uploads\/2023\/07\/IMG_7758-1-768x512.jpg 768w, https:\/\/cardiccia-piana.corsica\/wp-content\/uploads\/2023\/07\/IMG_7758-1-1536x1024.jpg 1536w, https:\/\/cardiccia-piana.corsica\/wp-content\/uploads\/2023\/07\/IMG_7758-1-2048x1365.jpg 2048w\" sizes=\"(max-width: 706px) 89vw, (max-width: 767px) 82vw, 740px\" \/><\/figure>\n<\/figure>\n\n\n<div class=\"wp-block-image\">\n<figure class=\"aligncenter size-large\"><img loading=\"lazy\" decoding=\"async\" width=\"2560\" height=\"1707\" src=\"http:\/\/villamadeleine-piana.corsica\/wp-content\/uploads\/2023\/07\/Ext-EST-edited-scaled.jpg\" alt=\"\" class=\"wp-image-969\" srcset=\"https:\/\/cardiccia-piana.corsica\/wp-content\/uploads\/2023\/07\/Ext-EST-edited-scaled.jpg 2560w, https:\/\/cardiccia-piana.corsica\/wp-content\/uploads\/2023\/07\/Ext-EST-edited-300x200.jpg 300w, https:\/\/cardiccia-piana.corsica\/wp-content\/uploads\/2023\/07\/Ext-EST-edited-1024x683.jpg 1024w, https:\/\/cardiccia-piana.corsica\/wp-content\/uploads\/2023\/07\/Ext-EST-edited-768x512.jpg 768w, https:\/\/cardiccia-piana.corsica\/wp-content\/uploads\/2023\/07\/Ext-EST-edited-1536x1024.jpg 1536w, https:\/\/cardiccia-piana.corsica\/wp-content\/uploads\/2023\/07\/Ext-EST-edited-2048x1366.jpg 2048w\" sizes=\"(max-width: 706px) 89vw, (max-width: 767px) 82vw, 740px\" \/><\/figure><\/div>\n\n\n<p><\/p>\n\n\n\n<figure class=\"wp-block-image size-large\"><img loading=\"lazy\" decoding=\"async\" width=\"1024\" height=\"683\" src=\"http:\/\/villamadeleine-piana.corsica\/wp-content\/uploads\/2023\/07\/IMG_7780-1024x683.jpg\" alt=\"\" class=\"wp-image-970\" srcset=\"https:\/\/cardiccia-piana.corsica\/wp-content\/uploads\/2023\/07\/IMG_7780-1024x683.jpg 1024w, https:\/\/cardiccia-piana.corsica\/wp-content\/uploads\/2023\/07\/IMG_7780-300x200.jpg 300w, https:\/\/cardiccia-piana.corsica\/wp-content\/uploads\/2023\/07\/IMG_7780-768x512.jpg 768w, https:\/\/cardiccia-piana.corsica\/wp-content\/uploads\/2023\/07\/IMG_7780-1536x1024.jpg 1536w, https:\/\/cardiccia-piana.corsica\/wp-content\/uploads\/2023\/07\/IMG_7780-2048x1365.jpg 2048w\" sizes=\"(max-width: 706px) 89vw, (max-width: 767px) 82vw, 740px\" \/><\/figure>\n","protected":false},"excerpt":{"rendered":"<p>Logement climatis\u00e9 Air-conditioned accommodation Alloggio climatizzato Ce&nbsp; pavillon de 35m\u00b2 est totalement ind\u00e9pendant dans la propri\u00e9t\u00e9. This 35m\u00b2 pavilion is completely independent in the property. Air-conditioned accommodation Stu padiglione di 35 m\u00b2 h\u00e8 cumpletamente indipendente in a prupiet\u00e0. Alloghju climatizatu La pi\u00e8ce \u00e0 vivre de 19m\u00b2 avec cuisine enti\u00e8rement \u00e9quip\u00e9e (plaques vitro c\u00e9ramique, four \u00e9lectrique, &hellip; <\/p>\n<p class=\"link-more\"><a href=\"https:\/\/cardiccia-piana.corsica\/index.php\/a-cardiccia-bungalow\/\" class=\"more-link\">Continuer la lecture<span class=\"screen-reader-text\"> de &laquo;&nbsp;Pavillon A Cardiccia ***&nbsp;&raquo;<\/span><\/a><\/p>\n","protected":false},"author":1,"featured_media":0,"parent":0,"menu_order":3,"comment_status":"closed","ping_status":"closed","template":"","meta":{"footnotes":""},"_links":{"self":[{"href":"https:\/\/cardiccia-piana.corsica\/index.php\/wp-json\/wp\/v2\/pages\/42"}],"collection":[{"href":"https:\/\/cardiccia-piana.corsica\/index.php\/wp-json\/wp\/v2\/pages"}],"about":[{"href":"https:\/\/cardiccia-piana.corsica\/index.php\/wp-json\/wp\/v2\/types\/page"}],"author":[{"embeddable":true,"href":"https:\/\/cardiccia-piana.corsica\/index.php\/wp-json\/wp\/v2\/users\/1"}],"replies":[{"embeddable":true,"href":"https:\/\/cardiccia-piana.corsica\/index.php\/wp-json\/wp\/v2\/comments?post=42"}],"version-history":[{"count":47,"href":"https:\/\/cardiccia-piana.corsica\/index.php\/wp-json\/wp\/v2\/pages\/42\/revisions"}],"predecessor-version":[{"id":1249,"href":"https:\/\/cardiccia-piana.corsica\/index.php\/wp-json\/wp\/v2\/pages\/42\/revisions\/1249"}],"wp:attachment":[{"href":"https:\/\/cardiccia-piana.corsica\/index.php\/wp-json\/wp\/v2\/media?parent=42"}],"curies":[{"name":"wp","href":"https:\/\/api.w.org\/{rel}","templated":true}]}}